{"id":10789,"date":"2026-04-30T13:23:46","date_gmt":"2026-04-30T11:23:46","guid":{"rendered":"https:\/\/hortiheroes.com\/?post_type=evenementen&#038;p=10789"},"modified":"2026-04-30T15:03:59","modified_gmt":"2026-04-30T13:03:59","slug":"workshop-generatiemanagement-de-kracht-van-verschillen","status":"publish","type":"evenementen","link":"https:\/\/hortiheroes.com\/en\/agenda\/workshop-generatiemanagement-de-kracht-van-verschillen\/","title":{"rendered":"Workshop: Generatiemanagement \u2013 De kracht van verschillen"},"content":{"rendered":"<p>De \u00e9\u00e9n staat om 6 uur op en heeft de dag al gepland, de ander komt langzaam op gang maar werkt door tot laat. De \u00e9\u00e9n wil een stappenplan, de ander wil eerst weten waarom. De \u00e9\u00e9n groeide op met een Rolodex en een vaste werkplek, de ander is opgegroeid met een smartphone en een flexibele werkplek. Generaties op de werkvloer verschillen. In tempo, communicatie en verwachtingen. Maar hier is het verrassende: de onderliggende waarden liggen vaak veel dichter bij elkaar dan we denken. <\/p>\n\n\n\n<p><\/p>","protected":false},"featured_media":10790,"template":"","class_list":["post-10789","evenementen","type-evenementen","status-publish","has-post-thumbnail","hentry"],"yoast_head":"<!-- This site is optimized with the Yoast SEO plugin v27.4 - https:\/\/yoast.com\/product\/yoast-seo-wordpress\/ -->\n<title>Workshop: Generatiemanagement \u2013 De kracht van verschillen - Hortiheroes<\/title>\n<meta name=\"robots\" content=\"index, follow, max-snippet:-1, max-image-preview:large, max-video-preview:-1\" \/>\n<link rel=\"canonical\" href=\"https:\/\/hortiheroes.com\/en\/agenda\/workshop-generatiemanagement-de-kracht-van-verschillen\/\" \/>\n<meta property=\"og:locale\" content=\"en_US\" \/>\n<meta property=\"og:type\" content=\"article\" \/>\n<meta property=\"og:title\" content=\"Workshop: Generatiemanagement \u2013 De kracht van verschillen - Hortiheroes\" \/>\n<meta property=\"og:description\" content=\"De \u00e9\u00e9n staat om 6 uur op en heeft de dag al gepland, de ander komt langzaam op gang maar werkt door tot laat. De \u00e9\u00e9n wil een stappenplan, de ander wil eerst weten waarom. De \u00e9\u00e9n groeide op met een Rolodex en een vaste werkplek, de ander is opgegroeid met een smartphone en een [&hellip;]\" \/>\n<meta property=\"og:url\" content=\"https:\/\/hortiheroes.com\/en\/agenda\/workshop-generatiemanagement-de-kracht-van-verschillen\/\" \/>\n<meta property=\"og:site_name\" content=\"Hortiheroes\" \/>\n<meta property=\"article:modified_time\" content=\"2026-04-30T13:03:59+00:00\" \/>\n<meta property=\"og:image\" content=\"https:\/\/hortiheroes.com\/wp-content\/uploads\/2026\/04\/WhatsApp-Image-2026-04-30-at-13.18.22.jpeg\" \/>\n\t<meta property=\"og:image:width\" content=\"1600\" \/>\n\t<meta property=\"og:image:height\" content=\"1200\" \/>\n\t<meta property=\"og:image:type\" content=\"image\/jpeg\" \/>\n<meta name=\"twitter:card\" content=\"summary_large_image\" \/>\n<meta name=\"twitter:label1\" content=\"Est. reading time\" \/>\n\t<meta name=\"twitter:data1\" content=\"1 minute\" \/>\n<script type=\"application\/ld+json\" class=\"yoast-schema-graph\">{\"@context\":\"https:\\\/\\\/schema.org\",\"@graph\":[{\"@type\":\"WebPage\",\"@id\":\"https:\\\/\\\/hortiheroes.com\\\/agenda\\\/workshop-generatiemanagement-de-kracht-van-verschillen\\\/\",\"url\":\"https:\\\/\\\/hortiheroes.com\\\/agenda\\\/workshop-generatiemanagement-de-kracht-van-verschillen\\\/\",\"name\":\"Workshop: Generatiemanagement \u2013 De kracht van verschillen - Hortiheroes\",\"isPartOf\":{\"@id\":\"https:\\\/\\\/hortiheroes.com\\\/#website\"},\"primaryImageOfPage\":{\"@id\":\"https:\\\/\\\/hortiheroes.com\\\/agenda\\\/workshop-generatiemanagement-de-kracht-van-verschillen\\\/#primaryimage\"},\"image\":{\"@id\":\"https:\\\/\\\/hortiheroes.com\\\/agenda\\\/workshop-generatiemanagement-de-kracht-van-verschillen\\\/#primaryimage\"},\"thumbnailUrl\":\"https:\\\/\\\/hortiheroes.com\\\/wp-content\\\/uploads\\\/2026\\\/04\\\/WhatsApp-Image-2026-04-30-at-13.18.22.jpeg\",\"datePublished\":\"2026-04-30T11:23:46+00:00\",\"dateModified\":\"2026-04-30T13:03:59+00:00\",\"breadcrumb\":{\"@id\":\"https:\\\/\\\/hortiheroes.com\\\/agenda\\\/workshop-generatiemanagement-de-kracht-van-verschillen\\\/#breadcrumb\"},\"inLanguage\":\"en-US\",\"potentialAction\":[{\"@type\":\"ReadAction\",\"target\":[\"https:\\\/\\\/hortiheroes.com\\\/agenda\\\/workshop-generatiemanagement-de-kracht-van-verschillen\\\/\"]}]},{\"@type\":\"ImageObject\",\"inLanguage\":\"en-US\",\"@id\":\"https:\\\/\\\/hortiheroes.com\\\/agenda\\\/workshop-generatiemanagement-de-kracht-van-verschillen\\\/#primaryimage\",\"url\":\"https:\\\/\\\/hortiheroes.com\\\/wp-content\\\/uploads\\\/2026\\\/04\\\/WhatsApp-Image-2026-04-30-at-13.18.22.jpeg\",\"contentUrl\":\"https:\\\/\\\/hortiheroes.com\\\/wp-content\\\/uploads\\\/2026\\\/04\\\/WhatsApp-Image-2026-04-30-at-13.18.22.jpeg\",\"width\":1600,\"height\":1200},{\"@type\":\"BreadcrumbList\",\"@id\":\"https:\\\/\\\/hortiheroes.com\\\/agenda\\\/workshop-generatiemanagement-de-kracht-van-verschillen\\\/#breadcrumb\",\"itemListElement\":[{\"@type\":\"ListItem\",\"position\":1,\"name\":\"Home\",\"item\":\"https:\\\/\\\/hortiheroes.com\\\/\"},{\"@type\":\"ListItem\",\"position\":2,\"name\":\"Evenementen\",\"item\":\"https:\\\/\\\/hortiheroes.com\\\/agenda\\\/\"},{\"@type\":\"ListItem\",\"position\":3,\"name\":\"Workshop: Generatiemanagement \u2013 De kracht van verschillen\"}]},{\"@type\":\"WebSite\",\"@id\":\"https:\\\/\\\/hortiheroes.com\\\/#website\",\"url\":\"https:\\\/\\\/hortiheroes.com\\\/\",\"name\":\"Hortiheroes\",\"description\":\"Supercharging innovation within the Food &amp; Flower industry\",\"publisher\":{\"@id\":\"https:\\\/\\\/hortiheroes.com\\\/#organization\"},\"potentialAction\":[{\"@type\":\"SearchAction\",\"target\":{\"@type\":\"EntryPoint\",\"urlTemplate\":\"https:\\\/\\\/hortiheroes.com\\\/?s={search_term_string}\"},\"query-input\":{\"@type\":\"PropertyValueSpecification\",\"valueRequired\":true,\"valueName\":\"search_term_string\"}}],\"inLanguage\":\"en-US\"},{\"@type\":\"Organization\",\"@id\":\"https:\\\/\\\/hortiheroes.com\\\/#organization\",\"name\":\"Hortiheroes\",\"url\":\"https:\\\/\\\/hortiheroes.com\\\/\",\"logo\":{\"@type\":\"ImageObject\",\"inLanguage\":\"en-US\",\"@id\":\"https:\\\/\\\/hortiheroes.com\\\/#\\\/schema\\\/logo\\\/image\\\/\",\"url\":\"https:\\\/\\\/hortiheroes.com\\\/wp-content\\\/uploads\\\/2024\\\/01\\\/HortiHeroes-logo-homepage.svg\",\"contentUrl\":\"https:\\\/\\\/hortiheroes.com\\\/wp-content\\\/uploads\\\/2024\\\/01\\\/HortiHeroes-logo-homepage.svg\",\"width\":577,\"height\":237,\"caption\":\"Hortiheroes\"},\"image\":{\"@id\":\"https:\\\/\\\/hortiheroes.com\\\/#\\\/schema\\\/logo\\\/image\\\/\"}}]}<\/script>\n<!-- \/ Yoast SEO plugin. -->","yoast_head_json":{"title":"Workshop: Generatiemanagement \u2013 De kracht van verschillen - Hortiheroes","robots":{"index":"index","follow":"follow","max-snippet":"max-snippet:-1","max-image-preview":"max-image-preview:large","max-video-preview":"max-video-preview:-1"},"canonical":"https:\/\/hortiheroes.com\/en\/agenda\/workshop-generatiemanagement-de-kracht-van-verschillen\/","og_locale":"en_US","og_type":"article","og_title":"Workshop: Generatiemanagement \u2013 De kracht van verschillen - Hortiheroes","og_description":"De \u00e9\u00e9n staat om 6 uur op en heeft de dag al gepland, de ander komt langzaam op gang maar werkt door tot laat. De \u00e9\u00e9n wil een stappenplan, de ander wil eerst weten waarom. De \u00e9\u00e9n groeide op met een Rolodex en een vaste werkplek, de ander is opgegroeid met een smartphone en een [&hellip;]","og_url":"https:\/\/hortiheroes.com\/en\/agenda\/workshop-generatiemanagement-de-kracht-van-verschillen\/","og_site_name":"Hortiheroes","article_modified_time":"2026-04-30T13:03:59+00:00","og_image":[{"width":1600,"height":1200,"url":"https:\/\/hortiheroes.com\/wp-content\/uploads\/2026\/04\/WhatsApp-Image-2026-04-30-at-13.18.22.jpeg","type":"image\/jpeg"}],"twitter_card":"summary_large_image","twitter_misc":{"Est. reading time":"1 minute"},"schema":{"@context":"https:\/\/schema.org","@graph":[{"@type":"WebPage","@id":"https:\/\/hortiheroes.com\/agenda\/workshop-generatiemanagement-de-kracht-van-verschillen\/","url":"https:\/\/hortiheroes.com\/agenda\/workshop-generatiemanagement-de-kracht-van-verschillen\/","name":"Workshop: Generatiemanagement \u2013 De kracht van verschillen - Hortiheroes","isPartOf":{"@id":"https:\/\/hortiheroes.com\/#website"},"primaryImageOfPage":{"@id":"https:\/\/hortiheroes.com\/agenda\/workshop-generatiemanagement-de-kracht-van-verschillen\/#primaryimage"},"image":{"@id":"https:\/\/hortiheroes.com\/agenda\/workshop-generatiemanagement-de-kracht-van-verschillen\/#primaryimage"},"thumbnailUrl":"https:\/\/hortiheroes.com\/wp-content\/uploads\/2026\/04\/WhatsApp-Image-2026-04-30-at-13.18.22.jpeg","datePublished":"2026-04-30T11:23:46+00:00","dateModified":"2026-04-30T13:03:59+00:00","breadcrumb":{"@id":"https:\/\/hortiheroes.com\/agenda\/workshop-generatiemanagement-de-kracht-van-verschillen\/#breadcrumb"},"inLanguage":"en-US","potentialAction":[{"@type":"ReadAction","target":["https:\/\/hortiheroes.com\/agenda\/workshop-generatiemanagement-de-kracht-van-verschillen\/"]}]},{"@type":"ImageObject","inLanguage":"en-US","@id":"https:\/\/hortiheroes.com\/agenda\/workshop-generatiemanagement-de-kracht-van-verschillen\/#primaryimage","url":"https:\/\/hortiheroes.com\/wp-content\/uploads\/2026\/04\/WhatsApp-Image-2026-04-30-at-13.18.22.jpeg","contentUrl":"https:\/\/hortiheroes.com\/wp-content\/uploads\/2026\/04\/WhatsApp-Image-2026-04-30-at-13.18.22.jpeg","width":1600,"height":1200},{"@type":"BreadcrumbList","@id":"https:\/\/hortiheroes.com\/agenda\/workshop-generatiemanagement-de-kracht-van-verschillen\/#breadcrumb","itemListElement":[{"@type":"ListItem","position":1,"name":"Home","item":"https:\/\/hortiheroes.com\/"},{"@type":"ListItem","position":2,"name":"Evenementen","item":"https:\/\/hortiheroes.com\/agenda\/"},{"@type":"ListItem","position":3,"name":"Workshop: Generatiemanagement \u2013 De kracht van verschillen"}]},{"@type":"WebSite","@id":"https:\/\/hortiheroes.com\/#website","url":"https:\/\/hortiheroes.com\/","name":"Hortiheroes","description":"Supercharging innovation within the Food &amp; Flower industry","publisher":{"@id":"https:\/\/hortiheroes.com\/#organization"},"potentialAction":[{"@type":"SearchAction","target":{"@type":"EntryPoint","urlTemplate":"https:\/\/hortiheroes.com\/?s={search_term_string}"},"query-input":{"@type":"PropertyValueSpecification","valueRequired":true,"valueName":"search_term_string"}}],"inLanguage":"en-US"},{"@type":"Organization","@id":"https:\/\/hortiheroes.com\/#organization","name":"Hortiheroes","url":"https:\/\/hortiheroes.com\/","logo":{"@type":"ImageObject","inLanguage":"en-US","@id":"https:\/\/hortiheroes.com\/#\/schema\/logo\/image\/","url":"https:\/\/hortiheroes.com\/wp-content\/uploads\/2024\/01\/HortiHeroes-logo-homepage.svg","contentUrl":"https:\/\/hortiheroes.com\/wp-content\/uploads\/2024\/01\/HortiHeroes-logo-homepage.svg","width":577,"height":237,"caption":"Hortiheroes"},"image":{"@id":"https:\/\/hortiheroes.com\/#\/schema\/logo\/image\/"}}]}},"_links":{"self":[{"href":"https:\/\/hortiheroes.com\/en\/wp-json\/wp\/v2\/evenementen\/10789","targetHints":{"allow":["GET"]}}],"collection":[{"href":"https:\/\/hortiheroes.com\/en\/wp-json\/wp\/v2\/evenementen"}],"about":[{"href":"https:\/\/hortiheroes.com\/en\/wp-json\/wp\/v2\/types\/evenementen"}],"wp:featuredmedia":[{"embeddable":true,"href":"https:\/\/hortiheroes.com\/en\/wp-json\/wp\/v2\/media\/10790"}],"wp:attachment":[{"href":"https:\/\/hortiheroes.com\/en\/wp-json\/wp\/v2\/media?parent=10789"}],"curies":[{"name":"wp","href":"https:\/\/api.w.org\/{rel}","templated":true}]}}

<p>De één staat om 6 uur op en heeft de dag al gepland, de ander komt langzaam op gang maar werkt door tot laat. De één wil een stappenplan, de ander wil eerst weten waarom. De één groeide op met een Rolodex en een vaste werkplek, de ander is opgegroeid met een smartphone en een flexibele werkplek. Generaties op de werkvloer verschillen. In tempo, communicatie en verwachtingen. Maar hier is het verrassende: de onderliggende waarden liggen vaak veel dichter bij elkaar dan we denken. </p>



<p></p>

<!-- This site is optimized with the Yoast SEO plugin v27.4 - https://yoast.com/product/yoast-seo-wordpress/ -->
<title>Workshop: Generatiemanagement – De kracht van verschillen - Hortiheroes</title>
<meta name="robots" content="index, follow, max-snippet:-1, max-image-preview:large, max-video-preview:-1" />
<link rel="canonical" href="https://hortiheroes.com/en/agenda/workshop-generatiemanagement-de-kracht-van-verschillen/" />
<meta property="og:locale" content="en_US" />
<meta property="og:type" content="article" />
<meta property="og:title" content="Workshop: Generatiemanagement – De kracht van verschillen - Hortiheroes" />
<meta property="og:description" content="De één staat om 6 uur op en heeft de dag al gepland, de ander komt langzaam op gang maar werkt door tot laat. De één wil een stappenplan, de ander wil eerst weten waarom. De één groeide op met een Rolodex en een vaste werkplek, de ander is opgegroeid met een smartphone en een [&hellip;]" />
<meta property="og:url" content="https://hortiheroes.com/en/agenda/workshop-generatiemanagement-de-kracht-van-verschillen/" />
<meta property="og:site_name" content="Hortiheroes" />
<meta property="article:modified_time" content="2026-04-30T13:03:59+00:00" />
<meta property="og:image" content="https://hortiheroes.com/wp-content/uploads/2026/04/WhatsApp-Image-2026-04-30-at-13.18.22.jpeg" />
	<meta property="og:image:width" content="1600" />
	<meta property="og:image:height" content="1200" />
	<meta property="og:image:type" content="image/jpeg" />
<meta name="twitter:card" content="summary_large_image" />
<meta name="twitter:label1" content="Est. reading time" />
	<meta name="twitter:data1" content="1 minute" />
<script type="application/ld+json" class="yoast-schema-graph">{"@context":"https:\/\/schema.org","@graph":[{"@type":"WebPage","@id":"https:\/\/hortiheroes.com\/agenda\/workshop-generatiemanagement-de-kracht-van-verschillen\/","url":"https:\/\/hortiheroes.com\/agenda\/workshop-generatiemanagement-de-kracht-van-verschillen\/","name":"Workshop: Generatiemanagement – De kracht van verschillen - Hortiheroes","isPartOf":{"@id":"https:\/\/hortiheroes.com\/#website"},"primaryImageOfPage":{"@id":"https:\/\/hortiheroes.com\/agenda\/workshop-generatiemanagement-de-kracht-van-verschillen\/#primaryimage"},"image":{"@id":"https:\/\/hortiheroes.com\/agenda\/workshop-generatiemanagement-de-kracht-van-verschillen\/#primaryimage"},"thumbnailUrl":"https:\/\/hortiheroes.com\/wp-content\/uploads\/2026\/04\/WhatsApp-Image-2026-04-30-at-13.18.22.jpeg","datePublished":"2026-04-30T11:23:46+00:00","dateModified":"2026-04-30T13:03:59+00:00","breadcrumb":{"@id":"https:\/\/hortiheroes.com\/agenda\/workshop-generatiemanagement-de-kracht-van-verschillen\/#breadcrumb"},"inLanguage":"en-US","potentialAction":[{"@type":"ReadAction","target":["https:\/\/hortiheroes.com\/agenda\/workshop-generatiemanagement-de-kracht-van-verschillen\/"]}]},{"@type":"ImageObject","inLanguage":"en-US","@id":"https:\/\/hortiheroes.com\/agenda\/workshop-generatiemanagement-de-kracht-van-verschillen\/#primaryimage","url":"https:\/\/hortiheroes.com\/wp-content\/uploads\/2026\/04\/WhatsApp-Image-2026-04-30-at-13.18.22.jpeg","contentUrl":"https:\/\/hortiheroes.com\/wp-content\/uploads\/2026\/04\/WhatsApp-Image-2026-04-30-at-13.18.22.jpeg","width":1600,"height":1200},{"@type":"BreadcrumbList","@id":"https:\/\/hortiheroes.com\/agenda\/workshop-generatiemanagement-de-kracht-van-verschillen\/#breadcrumb","itemListElement":[{"@type":"ListItem","position":1,"name":"Home","item":"https:\/\/hortiheroes.com\/"},{"@type":"ListItem","position":2,"name":"Evenementen","item":"https:\/\/hortiheroes.com\/agenda\/"},{"@type":"ListItem","position":3,"name":"Workshop: Generatiemanagement – De kracht van verschillen"}]},{"@type":"WebSite","@id":"https:\/\/hortiheroes.com\/#website","url":"https:\/\/hortiheroes.com\/","name":"Hortiheroes","description":"Supercharging innovation within the Food &amp; Flower industry","publisher":{"@id":"https:\/\/hortiheroes.com\/#organization"},"potentialAction":[{"@type":"SearchAction","target":{"@type":"EntryPoint","urlTemplate":"https:\/\/hortiheroes.com\/?s={search_term_string}"},"query-input":{"@type":"PropertyValueSpecification","valueRequired":true,"valueName":"search_term_string"}}],"inLanguage":"en-US"},{"@type":"Organization","@id":"https:\/\/hortiheroes.com\/#organization","name":"Hortiheroes","url":"https:\/\/hortiheroes.com\/","logo":{"@type":"ImageObject","inLanguage":"en-US","@id":"https:\/\/hortiheroes.com\/#\/schema\/logo\/image\/","url":"https:\/\/hortiheroes.com\/wp-content\/uploads\/2024\/01\/HortiHeroes-logo-homepage.svg","contentUrl":"https:\/\/hortiheroes.com\/wp-content\/uploads\/2024\/01\/HortiHeroes-logo-homepage.svg","width":577,"height":237,"caption":"Hortiheroes"},"image":{"@id":"https:\/\/hortiheroes.com\/#\/schema\/logo\/image\/"}}]}</script>
<!-- / Yoast SEO plugin. -->

De één staat om 6 uur op en heeft de dag al gepland, de ander komt langzaam op gang maar werkt door tot laat. De één wil een stappenplan, de ander wil eerst weten waarom. De één groeide op met een Rolodex en een vaste werkplek, de ander is opgegroeid met een smartphone en een [&hellip;]
